-x*i - 6 + 2*i**3 + 3 + i. Determine c(-2).
-13
Let s = 31 - 22. Suppose -i - 4 = -1. Let t = s + i. Let u(n) = -n - 1. Determine u(t).
-7
Let w(z) = -6*z**2 + 8*z - 4. Let n(t) = 5*t**2 - 8*t + 5. Let b(y) = 5*n(y) + 4*w(y). Let s be 74/10 + ((-12)/(-10))/(-3). Calculate b(s).
2
Let j(u) = -4*u**3 - 9*u**2 + 6*u + 1. Let y(w) = 3*w**3 + 8*w**2 - 5*w. Let q(d) = 4*j(d) + 5*y(d). Let v be (-3)/(21/140*-5). Give q(v).
0
Let m(t) be the first derivative of -t**3/3 + t**2 - 158. Calculate m(0).
0
Let b(j) = -j**3 + 15*j**2 - 13*j - 21. Let x be 1326/2431 - 148/(-11). Give b(x).
-7
Let o(v) = v**2 - 4*v + 2. Let n be (9 + -3 + -2)*5/4. Let l be o(n). Let k(h) = -h**3 + 8*h**2 - 9*h + 7. Determine k(l).
-7
Suppose 15*v + 9 + 21 = 0. Let x(i) = -4*i**2 - 2*i - 1. What is x(v)?
-13
Let f(r) be the first derivative of -5/2*r**2 + 1/3*r**3 + 5*r + 3. Suppose 3*y - 7*y + 20 = 0. Calculate f(y).
5
Let t(i) = -2*i + 4. Let k(m) = m + 1. Let u(s) = 3*k(s) + t(s). Suppose 37 + 5 = -6*x. Determine u(x).
0
Let h(b) = -5*b**3 - 53 + 57 - 4*b + 6*b**2 + 4*b**3 + 0*b**3. What is h(5)?
9
Suppose -64*o + 66*o - 174 = 0. Let h(f) = o + 2*f + f**2 - 85 - f. Give h(-3).
8
Let b(t) = t**3 + 10*t**2 - 10*t + 2. Let i(l) = l**3 + l**2 - l. Let y(v) = -b(v) + 2*i(v). Determine y(7).
5
Let t = 1039 + -1034. Let l(r) = -r**2 + 4*r + 7. Determine l(t).
2
Let t(p) = 3*p - 4*p + p - 3 - 3*p. Let w be t(-1). Let s(d) = -2*d**2 + d**2 - 11 - d**3 + w*d**3 - d. Determine s(0).
-11
Let r = -11 - -14. Suppose r*m + 169 = 4*m. Let u(k) = -m + 6*k + 176 + 0*k**2 - k**2. Determine u(6).
7
Let f = 3 + 1. Suppose -4*p = 10 + 2, -f*w + p = -11. Let r(t) = 4 - 6*t - 4*t**2 + 5*t**2 - 2*t**w. Give r(-5).
9
Let y be ((-12)/(-16))/(22/88). Let g(s) be the second derivative of 9*s + 1/2*s**y + 3*s**2 + 0. Determine g(-4).
-6
Let p be (-3)/6*-2 - -2. Suppose 0 = 3*q, 3*f - 25 = -2*f - p*q. Let s(t) = -t**2 + 6*t - 1. Give s(f).
4
Let g(q) be the first derivative of -q**5/20 + q**4/3 + q**3/3 - 3*q**2/2 - 17*q + 11. Let a(h) be the first derivative of g(h). Determine a(3).
12
Let x(s) be the second derivative of -s**4/4 - s**3/6 - s**2 - 38*s. Let g(c) = 7*c**2 + 2*c + 3. Let y(o) = 2*g(o) + 5*x(o). What is y(-5)?
-24
Let o(i) = 31 - 47 - 2 - i**2 + 10*i + 27. Calculate o(12).
-15
Let y = 1 + -2. Let s = 0 + y. Let x(k) be the second derivative of 5*k**4/4 + k**3/6 + k**2/2 - 3*k + 3. Give x(s).
15
Let d(k) = k - 7. Let j(g) = g - 2 + g - 5. Let o(n) = 3*d(n) - 2*j(n). Suppose -2*x = -i - 6*x + 16, i - 3*x + 19 = 0. Calculate o(i).
-3
Suppose -3*w - 5*g + 2*g = 15, -6 = 3*g. Let m(t) = t**3 + 2*t**2 - t + 1. What is m(w)?
-5
Let r(n) = 6*n**3 + 6*n**2 + 6*n - 5. Let c(q) = -5*q**3 - 5*q**2 - 5*q + 5. Let p(m) = -7*c(m) - 6*r(m). Suppose 10*j + j - 28*j = 26*j. What is p(j)?
-5
Suppose 2*q + 3 = s - 2, 3*s - 5*q = 14. Let c(a) = -2*a**3 + 3*a**2 + 3*a + 4. Determine c(s).
-14
Let u(t) = -5 - 20*t + 3 + 2 + 7*t. Let l(i) = i + 2. Let s be l(-3). Give u(s).
13
Let h(p) = -2*p + 24. Let w = -42 - -54. Let i be h(w). Let k(j) = j + 8. Determine k(i).
8
Let s be ((-2)/6)/(2/6). Let i(z) = z - 4. Let j(v) = 6*v - 8. Let m(d) = 2*i(d) - j(d). Give m(s).
4
Let o(n) = 6*n**3 + 2*n**2 + 4*n - 6. Let y(h) = -6*h**3 - 2*h**2 - 3*h + 5. Let t(i) = -6*o(i) - 7*y(i). Determine t(1).
6
Let i(a) be the first derivative of a**2/2 - 4*a + 46. Let o = -33 + 40. What is i(o)?
3
Let b(v) = -4*v**2 + 2*v - 2. Suppose -32 = -4*t - 4*z, 0 = 5*t + 20*z - 16*z - 35. Calculate b(t).
-32
Let x(j) = -5 + 6 + 1 - 2*j. Suppose -8*z + 30 - 198 = 0. Let a = z + 19. Give x(a).
6
Suppose 5*y - 22 = 2*n, -28 = y - 3*y - 4*n. Let k(c) be the first derivative of c**3/3 - 4*c**2 + 5*c - 1. Give k(y).
-7
Let b(q) = 138 + 6*q**2 - 2*q**2 + 152 - 218 + 2*q - 40*q**2 - q**3. Calculate b(-36).
0
Suppose -c - 1 - 1 = p, -c = -3*p + 14. Let i(a) = -5 + a - 5 + 6. What is i(p)?
-1
Let d(j) = -j**2 - 5*j + 7. Let z(h) = 5*h**2 + 26*h - 37. Let l(p) = 11*d(p) + 2*z(p). Suppose 0 = -2*o - 12 + 2. What is l(o)?
-7
Let d(m) = 0 - m - 1 + 3*m + m. Let q(p) = 6*p - 22. Let k be q(3). Determine d(k).
-13
Let c = -7880 - -7883. Let l(i) = -2 - 3*i + 0*i**3 - i**3 + 5*i**2 + 0*i. Calculate l(c).
7
Suppose 87*n - 233 = 28. Let q(m) = 4*m**2 - 3*m - 5. Let y(o) = -7*o**2 + 5*o + 9. Let u(k) = 5*q(k) + 3*y(k). What is u(n)?
-7
Let n(d) be the first derivative of -15*d**2/2 - 1. Suppose -s = -3*t, -4 + 12 = -5*t - s. Give n(t).
15
Let m(r) = 16*r + 4. Suppose 6 = 2*c + 4*j - 2, -c - 5*j + 13 = 0. Calculate m(c).
-28
Let x(o) = o - 1. Let n(t) = -4*t + 1. Let j(l) = 2*n(l) + 4*x(l). Suppose -3*p = 4*w - 1, 9*w - 6*w - 9 = -5*p. Determine j(w).
6
Let f = 100 + -33. Let l(d) = -d + 66*d**3 - 10 + 0*d - f*d**3 + 3*d**2 - 2*d**2. What is l(0)?
-10
Let p(r) = -2*r**2 + 37*r + 151. Let l be p(22). Let u(k) = k**3 + 5*k**2 + 3*k + 1. Determine u(l).
10
Let q(f) be the third derivative of -7*f**4/24 + f**3 + 6*f**2 - 8*f. Determine q(3).
-15
Suppose -5*h + 7 + 3 = 0. Let a(l) = l**h - 11*l**3 - 253 - l + 3*l + 0*l + 254. Calculate a(-1).
11
Let w(y) = -y**2 + 5*y - 4. Let x = -66 - -68. Calculate w(x).
2
Let n(o) = o**3 + 8*o**2 + 13*o + 4. Let m(l) = -l**2 - 12*l - 38. Let y be m(-8). Determine n(y).
-2
Suppose -4*r - 65 = x - 250, 4*r - 2*x - 194 = 0. Let f = r - 48. Let o(p) = -16*p**3 + 2*p**2 + p. Give o(f).
17
Let w(s) be the second derivative of 3/2*s**2 - 1/20*s**5 + 5*s - 1/4*s**4 + 0 - 1/3*s**3. What is w(-3)?
9
Suppose -9 = 2*d - 1. Let m(z) = -z**2 - 3*z - 3. What is m(d)?
-7
Let r(s) = -s**3 + 21*s**2 - 69*s + 22. Let c be r(17). Let d(l) = 2*l**2 - 11*l + 8. What is d(c)?
3
Let i(s) = 2*s**2 - 7*s - 1. Let g be i(3). Let x be 16/g + 0 - 1. Let j(d) = -2*d - 1. What is j(x)?
9
Let a(p) = 8*p + 19. Let k be a(-3). Let f(q) be the third derivative of -1/8*q**4 + 0*q + 1/120*q**6 + 0*q**3 + 1/15*q**5 + 3*q**2 + 0. Determine f(k).
-10
Let o(s) = 6*s**2 + 13*s - 41. Let y be o(-4). Let u(r) = 7*r - 2. Give u(y).
19
Let y(k) = 38*k**2 - 4*k + 3. Let z be y(1). Let u = z - 33. Let q(v) = 2*v - 6. Give q(u).
2
Let j(y) = 3*y - 4. Let p = -631 - -634. What is j(p)?
5
Let s(i) = 5*i + 45 - 5*i + 7*i - 39. What is s(-3)?
-15
Let x = 118 - 128. Let v(j) = j**2 + 10*j - 4. Determine v(x).
-4
Let d(k) be the third derivative of k**5/60 + 7*k**4/24 + k**3/2 + 11*k**2 - 2*k. What is d(-6)?
-3
Let y(n) be the first derivative of n**6/360 - n**5/24 - 7*n**4/24 + 7*n**3/3 + 7. Let h(d) be the third derivative of y(d). What is h(5)?
-7
Let f be 4/(4/(-1) + 2). Let h be 6 + (f - 1/1). Let s(j) = 4*j**h + j - 6*j + 6*j. Calculate s(-1).
-5
Let u = -2 + 8. Let x(o) be the first derivative of 1/4*o**4 - 7/3*o**3 - 3 + 5/2*o**2 - 2*o. Calculate x(u).
-8
Let v(a) = -4*a**2 + 19*a - 40*a + 21*a - 12 + 10. Calculate v(3).
-38
Let b be (-3)/(-2)*(-1 - 3). Let f(w) = -w**3 - 17*w**2 + 12*w + 1. Let d(v) = -2*v**3 - 32*v**2 + 23*v + 3. Let q(o) = -6*d(o) + 11*f(o). Give q(b).
-7
Let n(c) = -c**3 + 5*c**2 + 5*c + 11. Suppose i + 4*p - 22 = 0, -i + 5*i - 12 = 3*p. Give n(i).
5
Let n(i) be the third derivative of i**4/24 + i**3/6 + 2*i**2. Let h(d) = d - 4. Suppose -12 = 11*u - 23*u. Let j(c) = u*h(c) + 2*n(c). Determine j(-3).
-11
Let u(f) = 2*f**2 + 54*f - 3. Let i be u(-27). Let r be (-1 - (-2)/(-2))/(i/(-9)). Let y(b) = b**3 + 5*b**2 - 6*b. Calculate y(r).
0
Let o(l) be the first derivative of -7*l**4/12 + l**3/6 - 17*l + 7. Let u(r) be the first derivative of o(r). Give u(1).
-6
Suppose 4*c = 3*l - 115, -l = 4*c + 3*l + 108. Let j = c - -30. Let n(t) = 0 + j + 8*t**2 - 6*t**2 + 0*t**2 - t. Give n(2).
8
Let x(s) = -7*s + 9724 - 9724. Determine x(-3).
21
Let r = 56 + -110. Let b = -44 - r. Let z(f) = -f**3 + 9*f**2 + 12*f - 13. Give z(b).
7
Let l be 959/63 - 4/18. Suppose 0 = -5*o + l, o - 1 = -3*m + 8. Let i(a) = 3*a + 4*a - 2*a. Determine i(m).
10
Let g(c) be the first derivative of -2*c**3 - 1/4*c**4 - c - 5 - 3*c**2. What is g(-5)?
4
Suppose 0 = -29*a + 26*a + 2*o + 9, a - 5*o - 3 = 0. Let p(c) = -c**3 - c**2 + 1. Give p(a).
-35
Let y = 12 - 18. Let f(l) = l + 12. Let z(t) = -1. Let s(n) = -f(n) - 5*z(n). Calculate s(y).
-1
Let w(g) = g**2 - 6*g - 6. Let o = -53 - -43. Let j = o + 16. Give w(j).
-6
Let j(z) = -8*z**2 - z + 2. Let x be j(1). Let s(b) = -2*b - 3. Let h be s(-